{"id":277,"date":"2017-08-28T21:46:36","date_gmt":"2017-08-28T21:46:36","guid":{"rendered":"http:\/\/madersat.com.ar\/?product=piso-prefinished-eucaliptus-2"},"modified":"2020-01-09T11:06:13","modified_gmt":"2020-01-09T11:06:13","slug":"piso-prefinished-eucaliptus-2","status":"publish","type":"product","link":"http:\/\/madersat.com.ar\/?product=piso-prefinished-eucaliptus-2","title":{"rendered":"Piso Prefinished Eucaliptus"},"content":{"rendered":"<div id='av-layout-grid-1'  class='av-layout-grid-container entry-content-wrapper main_color av-flex-cells     avia-builder-el-0  avia-builder-el-no-sibling  container_wrap fullsize' style=' '  >\n<div class=\"flex_cell no_margin av_one_fourth  avia-builder-el-1  el_before_av_cell_one_fourth  avia-builder-el-first   \"  style='vertical-align:top; padding:30px; ' ><div class='flex_cell_inner' ><p><div class='av-woo-purchase-button  avia-builder-el-2  el_before_av_product_review  avia-builder-el-first '><p class=\"price\"><\/p><\/div><br \/>\n<div class='av-woo-product-review  avia-builder-el-3  el_after_av_product_button  avia-builder-el-last '><\/div><\/p>\n<\/div><\/div><div class=\"flex_cell no_margin av_one_fourth  avia-builder-el-4  el_after_av_cell_one_fourth  el_before_av_cell_one_fourth   \"  style='vertical-align:top; padding:30px; ' ><div class='flex_cell_inner' ><p><div  style='padding-bottom:10px; ' class='av-special-heading av-special-heading-h3  blockquote modern-quote  avia-builder-el-5  el_before_av_textblock  avia-builder-el-first  '><h3 class='av-special-heading-tag '  itemprop=\"headline\"  >Piso Prefinished Eucaliptus<\/h3><div class='special-heading-border'><div class='special-heading-inner-border' ><\/div><\/div><\/div><br \/>\n<section class=\"av_textblock_section \"  itemscope=\"itemscope\" itemtype=\"https:\/\/schema.org\/CreativeWork\" ><div class='avia_textblock  '   itemprop=\"text\" ><p>Caracter\u00edsticas:<br \/>\nLa madera recibe 9 capas de barniz, con secado de rayos ultravioletas (U.V). secante, garantizando secado m\u00e1s r\u00e1pido y uniforme, finalmente el piso es recubierto por una capa de \u00f3xido de aluminio que aumenta su resistencia a la abrasi\u00f3n y la protege de ara\u00f1azos, roces y desgastes.<br \/>\nLos Pisos Prefinished son pisos que se barnizan en f\u00e1brica y que no necesitan pulimento o acabado posterior.<br \/>\nSon f\u00e1ciles de colocar, ya que durante la instalaci\u00f3n usted puede permanecer en la obra y utilizarlos inmediatamente despu\u00e9s.<br \/>\nLos Pisos Prefinished al ser de madera maciza, despu\u00e9s de a\u00f1os de uso, pueden ser nuevamente lijados y barnizados, restaurando su belleza original.<br \/>\nDestacamos Entablonado, Cielorraso y Escaleras<\/p>\n<\/div><\/section><br \/>\n<div class=\"flex_column av_one_third  flex_column_div av-zero-column-padding first  avia-builder-el-7  el_after_av_textblock  el_before_av_one_third  column-top-margin\" style='border-radius:0px; '><\/div><div class=\"flex_column av_one_third  flex_column_div av-zero-column-padding   avia-builder-el-8  el_after_av_one_third  el_before_av_one_third  column-top-margin\" style='border-radius:0px; '><\/div><div class=\"flex_column av_one_third  flex_column_div av-zero-column-padding   avia-builder-el-9  el_after_av_one_third  avia-builder-el-last  column-top-margin\" style='border-radius:0px; '><\/div><\/p>\n<\/div><\/div><div class=\"flex_cell no_margin av_one_fourth  avia-builder-el-10  el_after_av_cell_one_fourth  el_before_av_cell_one_fourth   \"  style='vertical-align:top; padding:30px; ' ><div class='flex_cell_inner' ><p><div  class='avia-image-container  av-styling-    avia-builder-el-11  el_before_av_gallery  avia-builder-el-first  avia-align-center '  itemprop=\"image\" itemscope=\"itemscope\" itemtype=\"https:\/\/schema.org\/ImageObject\"  ><div class='avia-image-container-inner'><div class='avia-image-overlay-wrap'><img class='avia_image' src='http:\/\/madersat.com.ar\/wp-content\/uploads\/89c9a7fea04697b8b07a813239a7e93a.jpg' alt='' title='89c9a7fea04697b8b07a813239a7e93a' height=\"500\" width=\"500\"  itemprop=\"thumbnailUrl\"  \/><\/div><\/div><\/div><br \/>\n<div  class='avia-gallery  avia-gallery-1 avia_lazyload avia-gallery-animate avia_animate_when_visible  avia-builder-el-12  el_after_av_image  avia-builder-el-last '  itemprop=\"image\" itemscope=\"itemscope\" itemtype=\"https:\/\/schema.org\/ImageObject\" ><div class='avia-gallery-thumb'> <a href='http:\/\/madersat.com.ar\/wp-content\/uploads\/89c9a7fea04697b8b07a813239a7e93a.jpg' data-rel='gallery-1' data-prev-img='http:\/\/madersat.com.ar\/wp-content\/uploads\/89c9a7fea04697b8b07a813239a7e93a-495x400.jpg' class='first_thumb lightbox ' data-onclick='1' title=''  itemprop=\"thumbnailUrl\" ><img  src='http:\/\/madersat.com.ar\/wp-content\/uploads\/89c9a7fea04697b8b07a813239a7e93a-495x400.jpg' width='495' height='400'  title='89c9a7fea04697b8b07a813239a7e93a' alt='' \/><\/a> <a href='http:\/\/madersat.com.ar\/wp-content\/uploads\/madera-prefinished-pisos-D_NQ_NP_553601-MLA20368333335_082015-F.jpg' data-rel='gallery-1' data-prev-img='http:\/\/madersat.com.ar\/wp-content\/uploads\/madera-prefinished-pisos-D_NQ_NP_553601-MLA20368333335_082015-F-495x400.jpg' class='lightbox ' data-onclick='2' title=''  itemprop=\"thumbnailUrl\" ><img  src='http:\/\/madersat.com.ar\/wp-content\/uploads\/madera-prefinished-pisos-D_NQ_NP_553601-MLA20368333335_082015-F-495x400.jpg' width='495' height='400'  title='madera-prefinished-pisos-D_NQ_NP_553601-MLA20368333335_082015-F' alt='' \/><\/a><\/div><\/div><\/p>\n<\/div><\/div><div class=\"flex_cell no_margin av_one_fourth  avia-builder-el-13  el_after_av_cell_one_fourth  avia-builder-el-last   \"  style='vertical-align:top; padding:30px; ' ><div class='flex_cell_inner' ><div  class='av-woo-product-related-upsells  avia-builder-el-14  avia-builder-el-no-sibling '><div class='product_column product_column_3'>\n\t<section class=\"up-sells upsells products\">\n\t\t\t\t\t<h2>Tambi\u00e9n te recomendamos&hellip;<\/h2>\n\t\t\n\t\t<ul class=\"products columns-3\">\n\n\t\t\t\n\t\t\t\t<li class=\"product type-product post-261 status-publish first instock product_cat-destacado product_cat-pisos-de-madera product_cat-deck has-post-thumbnail taxable shipping-taxable product-type-simple\">\n\t<div class='inner_product main_color wrapped_style noLightbox  av-product-class-no_button'><a href=\"http:\/\/madersat.com.ar\/?product=deck-eucaliptus-grandis-premium-sin-nudos-1x3\" class=\"woocommerce-LoopProduct-link woocommerce-loop-product__link\"><div class='thumbnail_container'><img loading=\"lazy\" decoding=\"async\" width=\"300\" height=\"300\" src=\"http:\/\/madersat.com.ar\/wp-content\/uploads\/deck-de-madera-eucaliptus-grandis-1x3-country-x-m-lineal-S_4046-MLA117254080_8669-F-300x300.jpg\" class=\"attachment-shop_catalog size-shop_catalog wp-post-image\" alt=\"\" srcset=\"http:\/\/madersat.com.ar\/wp-content\/uploads\/deck-de-madera-eucaliptus-grandis-1x3-country-x-m-lineal-S_4046-MLA117254080_8669-F-300x300.jpg 300w, http:\/\/madersat.com.ar\/wp-content\/uploads\/deck-de-madera-eucaliptus-grandis-1x3-country-x-m-lineal-S_4046-MLA117254080_8669-F-100x100.jpg 100w, http:\/\/madersat.com.ar\/wp-content\/uploads\/deck-de-madera-eucaliptus-grandis-1x3-country-x-m-lineal-S_4046-MLA117254080_8669-F-80x80.jpg 80w, http:\/\/madersat.com.ar\/wp-content\/uploads\/deck-de-madera-eucaliptus-grandis-1x3-country-x-m-lineal-S_4046-MLA117254080_8669-F-36x36.jpg 36w, http:\/\/madersat.com.ar\/wp-content\/uploads\/deck-de-madera-eucaliptus-grandis-1x3-country-x-m-lineal-S_4046-MLA117254080_8669-F-180x180.jpg 180w, http:\/\/madersat.com.ar\/wp-content\/uploads\/deck-de-madera-eucaliptus-grandis-1x3-country-x-m-lineal-S_4046-MLA117254080_8669-F-450x450.jpg 450w, http:\/\/madersat.com.ar\/wp-content\/uploads\/deck-de-madera-eucaliptus-grandis-1x3-country-x-m-lineal-S_4046-MLA117254080_8669-F.jpg 500w\" sizes=\"auto, (max-width: 300px) 100vw, 300px\" \/><span class='cart-loading'><\/span><\/div><div class='inner_product_header'><div class='avia-arrow'><\/div><div class='inner_product_header_table'><div class='inner_product_header_cell'><h2 class=\"woocommerce-loop-product__title\">Deck Eucaliptus Grandis Premium (sin nudos) 1&#215;3<\/h2>\n<\/div><\/div><\/div><\/a><\/div><\/li>\n\n\t\t\t\n\t\t\t\t<li class=\"product type-product post-58 status-publish instock product_cat-baldosas-eucalipto product_tag-baldosa-eucalypto has-post-thumbnail taxable shipping-taxable product-type-simple\">\n\t<div class='inner_product main_color wrapped_style noLightbox  av-product-class-no_button'><a href=\"http:\/\/madersat.com.ar\/?product=baldosas-eucalipto-colonial-50x50-cm\" class=\"woocommerce-LoopProduct-link woocommerce-loop-product__link\"><div class='thumbnail_container'><img loading=\"lazy\" decoding=\"async\" width=\"450\" height=\"450\" src=\"http:\/\/madersat.com.ar\/wp-content\/uploads\/baldosa-deck-eucaliptus-450x450.jpg\" class=\"attachment-shop_catalog size-shop_catalog wp-post-image\" alt=\"\" srcset=\"http:\/\/madersat.com.ar\/wp-content\/uploads\/baldosa-deck-eucaliptus-450x450.jpg 450w, http:\/\/madersat.com.ar\/wp-content\/uploads\/baldosa-deck-eucaliptus-100x100.jpg 100w, http:\/\/madersat.com.ar\/wp-content\/uploads\/baldosa-deck-eucaliptus-80x80.jpg 80w, http:\/\/madersat.com.ar\/wp-content\/uploads\/baldosa-deck-eucaliptus-300x300.jpg 300w, http:\/\/madersat.com.ar\/wp-content\/uploads\/baldosa-deck-eucaliptus-36x36.jpg 36w, http:\/\/madersat.com.ar\/wp-content\/uploads\/baldosa-deck-eucaliptus-180x180.jpg 180w, http:\/\/madersat.com.ar\/wp-content\/uploads\/baldosa-deck-eucaliptus.jpg 500w\" sizes=\"auto, (max-width: 450px) 100vw, 450px\" \/><span class='cart-loading'><\/span><\/div><div class='inner_product_header'><div class='avia-arrow'><\/div><div class='inner_product_header_table'><div class='inner_product_header_cell'><h2 class=\"woocommerce-loop-product__title\">Baldosas Eucalipto Colonial 50&#215;50 cm<\/h2>\n<\/div><\/div><\/div><\/a><\/div><\/li>\n\n\t\t\t\n\t\t<\/ul>\n\n\t<\/section>\n\n\t<\/div><div class='product_column product_column_3'>\n\t<section class=\"related products\">\n\n\t\t\t\t\t<h2>Productos relacionados<\/h2>\n\t\t\t\t<ul class=\"products columns-3\">\n\n\t\t\t\n\t\t\t\t\t<li class=\"product type-product post-62 status-publish first instock product_cat-baldosas-eucalipto product_tag-baldosa-eucalipto has-post-thumbnail taxable shipping-taxable product-type-simple\">\n\t<div class='inner_product main_color wrapped_style noLightbox  av-product-class-no_button'><a href=\"http:\/\/madersat.com.ar\/?product=baldosas-eucalipto-premium-50x50-cm\" class=\"woocommerce-LoopProduct-link woocommerce-loop-product__link\"><div class='thumbnail_container'><img loading=\"lazy\" decoding=\"async\" width=\"450\" height=\"450\" src=\"http:\/\/madersat.com.ar\/wp-content\/uploads\/baldosa-deck-eucaliptus-450x450.jpg\" class=\"attachment-shop_catalog size-shop_catalog wp-post-image\" alt=\"\" srcset=\"http:\/\/madersat.com.ar\/wp-content\/uploads\/baldosa-deck-eucaliptus-450x450.jpg 450w, http:\/\/madersat.com.ar\/wp-content\/uploads\/baldosa-deck-eucaliptus-100x100.jpg 100w, http:\/\/madersat.com.ar\/wp-content\/uploads\/baldosa-deck-eucaliptus-80x80.jpg 80w, http:\/\/madersat.com.ar\/wp-content\/uploads\/baldosa-deck-eucaliptus-300x300.jpg 300w, http:\/\/madersat.com.ar\/wp-content\/uploads\/baldosa-deck-eucaliptus-36x36.jpg 36w, http:\/\/madersat.com.ar\/wp-content\/uploads\/baldosa-deck-eucaliptus-180x180.jpg 180w, http:\/\/madersat.com.ar\/wp-content\/uploads\/baldosa-deck-eucaliptus.jpg 500w\" sizes=\"auto, (max-width: 450px) 100vw, 450px\" \/><span class='cart-loading'><\/span><\/div><div class='inner_product_header'><div class='avia-arrow'><\/div><div class='inner_product_header_table'><div class='inner_product_header_cell'><h2 class=\"woocommerce-loop-product__title\">Baldosas Eucalipto Premium 50&#215;50 cm<\/h2>\n<\/div><\/div><\/div><\/a><\/div><\/li>\n\n\t\t\t\n\t\t\t\t\t<li class=\"product type-product post-61 status-publish instock product_cat-baldosas-eucalipto product_tag-baldosa-eucalypto has-post-thumbnail taxable shipping-taxable product-type-simple\">\n\t<div class='inner_product main_color wrapped_style noLightbox  av-product-class-no_button'><a href=\"http:\/\/madersat.com.ar\/?product=baldosas-eucalipto-colonial-35x35-cm\" class=\"woocommerce-LoopProduct-link woocommerce-loop-product__link\"><div class='thumbnail_container'><img loading=\"lazy\" decoding=\"async\" width=\"450\" height=\"450\" src=\"http:\/\/madersat.com.ar\/wp-content\/uploads\/baldosa-deck-eucaliptus-450x450.jpg\" class=\"attachment-shop_catalog size-shop_catalog wp-post-image\" alt=\"\" srcset=\"http:\/\/madersat.com.ar\/wp-content\/uploads\/baldosa-deck-eucaliptus-450x450.jpg 450w, http:\/\/madersat.com.ar\/wp-content\/uploads\/baldosa-deck-eucaliptus-100x100.jpg 100w, http:\/\/madersat.com.ar\/wp-content\/uploads\/baldosa-deck-eucaliptus-80x80.jpg 80w, http:\/\/madersat.com.ar\/wp-content\/uploads\/baldosa-deck-eucaliptus-300x300.jpg 300w, http:\/\/madersat.com.ar\/wp-content\/uploads\/baldosa-deck-eucaliptus-36x36.jpg 36w, http:\/\/madersat.com.ar\/wp-content\/uploads\/baldosa-deck-eucaliptus-180x180.jpg 180w, http:\/\/madersat.com.ar\/wp-content\/uploads\/baldosa-deck-eucaliptus.jpg 500w\" sizes=\"auto, (max-width: 450px) 100vw, 450px\" \/><span class='cart-loading'><\/span><\/div><div class='inner_product_header'><div class='avia-arrow'><\/div><div class='inner_product_header_table'><div class='inner_product_header_cell'><h2 class=\"woocommerce-loop-product__title\">Baldosas Eucalipto Colonial 35&#215;35 cm<\/h2>\n<\/div><\/div><\/div><\/a><\/div><\/li>\n\n\t\t\t\n\t\t\t\t\t<li class=\"product type-product post-63 status-publish last instock product_cat-baldosas-eucalipto product_tag-baldosa-eucalypto has-post-thumbnail taxable shipping-taxable product-type-simple\">\n\t<div class='inner_product main_color wrapped_style noLightbox  av-product-class-no_button'><a href=\"http:\/\/madersat.com.ar\/?product=baldosas-eucalipto-premium-35x35-cm\" class=\"woocommerce-LoopProduct-link woocommerce-loop-product__link\"><div class='thumbnail_container'><img loading=\"lazy\" decoding=\"async\" width=\"450\" height=\"450\" src=\"http:\/\/madersat.com.ar\/wp-content\/uploads\/baldosa-deck-eucaliptus-450x450.jpg\" class=\"attachment-shop_catalog size-shop_catalog wp-post-image\" alt=\"\" srcset=\"http:\/\/madersat.com.ar\/wp-content\/uploads\/baldosa-deck-eucaliptus-450x450.jpg 450w, http:\/\/madersat.com.ar\/wp-content\/uploads\/baldosa-deck-eucaliptus-100x100.jpg 100w, http:\/\/madersat.com.ar\/wp-content\/uploads\/baldosa-deck-eucaliptus-80x80.jpg 80w, http:\/\/madersat.com.ar\/wp-content\/uploads\/baldosa-deck-eucaliptus-300x300.jpg 300w, http:\/\/madersat.com.ar\/wp-content\/uploads\/baldosa-deck-eucaliptus-36x36.jpg 36w, http:\/\/madersat.com.ar\/wp-content\/uploads\/baldosa-deck-eucaliptus-180x180.jpg 180w, http:\/\/madersat.com.ar\/wp-content\/uploads\/baldosa-deck-eucaliptus.jpg 500w\" sizes=\"auto, (max-width: 450px) 100vw, 450px\" \/><span class='cart-loading'><\/span><\/div><div class='inner_product_header'><div class='avia-arrow'><\/div><div class='inner_product_header_table'><div class='inner_product_header_cell'><h2 class=\"woocommerce-loop-product__title\">Baldosas Eucalipto Premium 35&#215;35 cm<\/h2>\n<\/div><\/div><\/div><\/a><\/div><\/li>\n\n\t\t\t\n\t\t<\/ul>\n\n\t<\/section>\n\t<\/div><\/div>\n<\/div><\/div><\/div>\n","protected":false},"excerpt":{"rendered":"","protected":false},"featured_media":272,"comment_status":"open","ping_status":"closed","template":"","meta":[],"product_brand":[],"product_cat":[37,39],"product_tag":[],"class_list":{"0":"post-277","1":"product","2":"type-product","3":"status-publish","4":"has-post-thumbnail","6":"product_cat-pisos-de-madera","7":"product_cat-prefinished","9":"first","10":"instock","11":"taxable","12":"shipping-taxable","13":"product-type-simple"},"_links":{"self":[{"href":"http:\/\/madersat.com.ar\/index.php?rest_route=\/wp\/v2\/product\/277","targetHints":{"allow":["GET"]}}],"collection":[{"href":"http:\/\/madersat.com.ar\/index.php?rest_route=\/wp\/v2\/product"}],"about":[{"href":"http:\/\/madersat.com.ar\/index.php?rest_route=\/wp\/v2\/types\/product"}],"replies":[{"embeddable":true,"href":"http:\/\/madersat.com.ar\/index.php?rest_route=%2Fwp%2Fv2%2Fcomments&post=277"}],"wp:featuredmedia":[{"embeddable":true,"href":"http:\/\/madersat.com.ar\/index.php?rest_route=\/wp\/v2\/media\/272"}],"wp:attachment":[{"href":"http:\/\/madersat.com.ar\/index.php?rest_route=%2Fwp%2Fv2%2Fmedia&parent=277"}],"wp:term":[{"taxonomy":"product_brand","embeddable":true,"href":"http:\/\/madersat.com.ar\/index.php?rest_route=%2Fwp%2Fv2%2Fproduct_brand&post=277"},{"taxonomy":"product_cat","embeddable":true,"href":"http:\/\/madersat.com.ar\/index.php?rest_route=%2Fwp%2Fv2%2Fproduct_cat&post=277"},{"taxonomy":"product_tag","embeddable":true,"href":"http:\/\/madersat.com.ar\/index.php?rest_route=%2Fwp%2Fv2%2Fproduct_tag&post=277"}],"curies":[{"name":"wp","href":"https:\/\/api.w.org\/{rel}","templated":true}]}}